{"id":72,"date":"2024-09-09T10:01:24","date_gmt":"2024-09-09T08:01:24","guid":{"rendered":"https:\/\/warszawaneurolog.pl\/?page_id=72"},"modified":"2024-09-09T10:05:16","modified_gmt":"2024-09-09T08:05:16","slug":"zadbaj-o-pamiec-rodzica-szybki-test-dzis-lepsze-jutro","status":"publish","type":"page","link":"https:\/\/warszawaneurolog.pl\/index.php\/zadbaj-o-pamiec-rodzica-szybki-test-dzis-lepsze-jutro\/","title":{"rendered":"Zadbaj o pami\u0119\u0107 rodzica \u2013 szybki test dzi\u015b, lepsze jutro!"},"content":{"rendered":"\n<p>Czy zauwa\u017cy\u0142a\u015b, \u017ce Tw\u00f3j bliski coraz cz\u0119\u015bciej zapomina o wa\u017cnych sprawach? Mo\u017ce gubi w\u0105tek w trakcie rozmowy? Pami\u0119\u0107 odgrywa kluczow\u0105 rol\u0119 w naszym codziennym \u017cyciu, a wczesne rozpoznanie problem\u00f3w z ni\u0105 zwi\u0105zanych mo\u017ce znacz\u0105co wp\u0142yn\u0105\u0107 na zdrowie i komfort \u017cycia.<\/p>\n\n\n\n<p>Na stronie Wexner Medical Center dost\u0119pny jest SAGE \u2013 kr\u00f3tki test do samodzielnego wykonania, kt\u00f3ry pomaga wykry\u0107 wczesne objawy zaburze\u0144 pami\u0119ci. Wype\u0142nienie testu zajmie jedynie kilka minut, a mo\u017ce dostarczy\u0107 cennych informacji.<\/p>\n\n\n\n<p>Je\u015bli chcesz dowiedzie\u0107 si\u0119 wi\u0119cej, wype\u0142niony test (bez danych osobowych) mo\u017cesz przes\u0142a\u0107 na adres: <a href=\"mailto:sage@slifirczyk.pl\"><strong>sage@slifirczyk.pl<\/strong><\/a>. Oferuj\u0119 bezp\u0142atn\u0105 ocen\u0119 i informacj\u0119 zwrotn\u0105 na temat wynik\u00f3w.<\/p>\n\n\n\n<p>Dbaj o zdrowie swoje i swoich bliskich \u2013 pobierz test, po\u015bwi\u0119\u0107 chwil\u0119 i sprawd\u017a, jak dzia\u0142a pami\u0119\u0107 Twoich najbli\u017cszych.<\/p>\n\n\n\n<p><a href=\"https:\/\/wexnermedical.osu.edu\/-\/media\/files\/wexnermedical\/patient-care\/healthcare-services\/brain-spine-neuro\/memory-disorders\/sage\/polish\/sage_form1_pol_2022.pdf\"><strong>Link do testu SAGE<\/strong><\/a><\/p>\n\n\n\n<p>Pami\u0119taj, \u017ceby osoba wykonuj\u0105c nie spogl\u0105da\u0107 na zegar ani kalendarz w trakcie rozwi\u0105zywania testu. \u015aredni czas na rozwi\u0105zanie to 10-15 minut, ale nie ma ogranicze\u0144 czasowych \u2013 wykonaj test w swoim tempie.<\/p>\n","protected":false},"excerpt":{"rendered":"<p>Czy zauwa\u017cy\u0142a\u015b, \u017ce Tw\u00f3j bliski coraz cz\u0119\u015bciej zapomina o wa\u017cnych sprawach? Mo\u017ce gubi w\u0105tek w trakcie rozmowy? Pami\u0119\u0107 odgrywa kluczow\u0105 rol\u0119 w naszym codziennym \u017cyciu, a wczesne rozpoznanie problem\u00f3w z ni\u0105 zwi\u0105zanych mo\u017ce znacz\u0105co wp\u0142yn\u0105\u0107 na zdrowie i komfort \u017cycia. Na stronie Wexner Medical Center dost\u0119pny jest SAGE \u2013 kr\u00f3tki test do samodzielnego wykonania, kt\u00f3ry [&hellip;]<\/p>\n","protected":false},"author":1,"featured_media":0,"parent":0,"menu_order":0,"comment_status":"closed","ping_status":"closed","template":"","meta":{"footnotes":""},"class_list":["post-72","page","type-page","status-publish","hentry"],"jetpack_sharing_enabled":true,"_links":{"self":[{"href":"https:\/\/warszawaneurolog.pl\/index.php\/wp-json\/wp\/v2\/pages\/72","targetHints":{"allow":["GET"]}}],"collection":[{"href":"https:\/\/warszawaneurolog.pl\/index.php\/wp-json\/wp\/v2\/pages"}],"about":[{"href":"https:\/\/warszawaneurolog.pl\/index.php\/wp-json\/wp\/v2\/types\/page"}],"author":[{"embeddable":true,"href":"https:\/\/warszawaneurolog.pl\/index.php\/wp-json\/wp\/v2\/users\/1"}],"replies":[{"embeddable":true,"href":"https:\/\/warszawaneurolog.pl\/index.php\/wp-json\/wp\/v2\/comments?post=72"}],"version-history":[{"count":3,"href":"https:\/\/warszawaneurolog.pl\/index.php\/wp-json\/wp\/v2\/pages\/72\/revisions"}],"predecessor-version":[{"id":75,"href":"https:\/\/warszawaneurolog.pl\/index.php\/wp-json\/wp\/v2\/pages\/72\/revisions\/75"}],"wp:attachment":[{"href":"https:\/\/warszawaneurolog.pl\/index.php\/wp-json\/wp\/v2\/media?parent=72"}],"curies":[{"name":"wp","href":"https:\/\/api.w.org\/{rel}","templated":true}]}}